e prime factors of n?
2, 103
Suppose 2*f = 4*c - 2, -3*f + 14 = -c + 2. Let l(g) = -8*g - 14. Let d(q) = -4*q - 7. Let b(i) = -7*d(i) + 3*l(i). What are the prime factors of b(c)?
19
Suppose -3 = -m + 3. Suppose -3*s - 4*b = -2*b + 1196, 5*s + 5*b + 1995 = 0. List the prime factors of m/(-8) - s/8.
7
Suppose -6 = -2*j, -29 = -5*y - 2*j + 7. Suppose -4*q = -3*a + 13, -y = -3*a - 3*q - 0*q. Suppose 0*f = a*f - 117. List the prime factors of f.
3, 13
Suppose 100 = 2*a - 7*a + 5*r, 4*r - 98 = 5*a. Let v = a + 20. Suppose -v*i + 153 = i. List the prime factors of i.
3, 17
Let u(k) = 11*k**2 + 4*k + 2. Let a(t) be the first derivative of t**4/4 + t**2/2 - 2*t - 8. Let p be a(0). What are the prime factors of u(p)?
2, 19
Let h(o) = -o + 6. Let t be h(5). Let i be t/2 - (-6)/4. What are the prime factors of (-2)/i*(-33 - -9)?
2, 3
Let z(c) = -c - 1. Let s(j) = 3*j + 3. Let t(a) = -s(a) + 4*z(a). Let r be t(-7). Suppose -2*h + r = 2*v, -108 = -7*v + 2*v - 4*h. List the prime factors of v.
2, 3
Let y = -399 - -673. Let z = -743 - -749. Suppose -4*w + y = z*i - i, 4 = -w. List the prime factors of i.
2, 29
Suppose 6*t - t = 75. Let k = -11 + t. Suppose u + k*u = 310. List the prime factors of u.
2, 31
Let p = 116 - 69. Let k = 90 - p. List the prime factors of k.
43
Let q(s) = s**2 - 5*s - 9. Let l(g) = g**2 - 7*g + 7. Let u be l(7). Let n be q(u). Suppose 12 = 3*w, 5*y - n*w - 18 = 92. List the prime factors of y.
2, 13
Let w(r) = -369*r + 2. Let g be w(-1). Suppose -g = 5*v - 956. Suppose -v = -2*m + 5*h, 2*m - 7*m + 261 = -2*h. What are the prime factors of m?
3, 17
Suppose 0 = v + 12 - 14. Suppose 20 = -5*z, -18 = -3*l + v*l + 4*z. Suppose 0 = 3*k + 4*r - 29, -l*r + 11 = 1. What are the prime factors of k?
3
What are the prime factors of 764 + -2 + 11 + -4?
769
Let k(q) = q**3 + 5*q**2 + 3. Let f be k(-5). Suppose 0 = y + 2, -y - f*y = -2*l - 64. List the prime factors of (-8)/l + 68/18.
2
Suppose -5*p + 4*p = 3*o - 66, 22 = o + 2*p. Let s = 34 - o. List the prime factors of (-32)/(-3) + 4/s.
11
Let h(t) = 2*t**2 + 4*t - 8. Let g be (8/6)/((-9)/(-81)). List the prime factors of h(g).
2, 41
Let j = -302 - -188. What are the prime factors of (4 - (-2 + 2))*j/(-3)?
2, 19
Let b = -136 - -3675. List the prime factors of b.
3539
Suppose a - 75 = 15. Let s = 149 - a. What are the prime factors of s?
59
Let m = -1144 - -2411. List the prime factors of m.
7, 181
Let x = -569 - -901. List the prime factors of x.
2, 83
Suppose 0 = 2*n + 3*n - 3*s - 2756, s + 1103 = 2*n. List the prime factors of n.
7, 79
Suppose -1394 = -5*c + 281. What are the prime factors of c?
5, 67
What are the prime factors of -699*(-4)/18 + 20/(-15)?
2, 7, 11
Let f = 390 - -78. What are the prime factors of f?
2, 3, 13
Suppose 0 = -5*n - 1 + 96. Suppose -21 = -2*a + n. Suppose -2*z + a = -22. What are the prime factors of z?
3, 7
Let c = 1127 - 639. List the prime factors of c.
2, 61
Let x(l) = -4*l - 24. Let v be x(-13). Suppose 0 = -4*i + 7*i - 6. Suppose -2*k = 2*r, 2*r - 7*k - v = -i*k. List the prime factors of r.
2
Let x(q) = -q + 12. Let i be x(10). List the prime factors of 16/(-32) - i*(-662)/8.
3, 5, 11
Let f = 318 - 273. List the prime factors of f.
3, 5
Suppose 2*g + 3*g + 40 = 0. Let y(o) = -3*o**3 + 5*o**2 + 3. Let h be y(3). Let l = g - h. What are the prime factors of l?
5
Let f(v) = 2*v**2 - 23*v + 141. Let p be f(13). Let i(g) = -g**3 + 7*g**2 - 2*g + 1. Let m be i(6). Suppose -5*z = -m - p. What are the prime factors of z?
41
Suppose -176 = -2*v - 4*u, 4*u + 398 = 2*v + 3*v. List the prime factors of v.
2, 41
Let c = -260 - -162. Let r = 297 + c. What are the prime factors of r?
199
Let b be ((-21)/15 + 1)*(-3 - 1692). Suppose -1176 = -9*a + b. What are the prime factors of a?
2, 103
Let j(n) = -119*n - 359. Let x be j(-3). Let z = -23 + 39. Let t = x + z. List the prime factors of t.
2, 7
Let q(o) = o**2 + 3*o. Let t be ((-2)/6)/(1/9). Let p be q(t). List the prime factors of (-1 - 0)*(-7 + p).
7
Let c(z) = -6*z + 5. Let y(m) = -5*m + 4. Let r(x) = -4*c(x) + 5*y(x). Let a be r(-6). Suppose 20 = q + a. What are the prime factors of q?
2, 7
Let a = 8 + 186. List the prime factors of a.
2, 97
Suppose -4*k - 2*v + 988 = 0, 2*k + 5*v - 486 = -0*k. Suppose 5*q - 77 = k. List the prime factors of q.
5, 13
Suppose 76 + 184 = t. What are the prime factors of t?
2, 5, 13
Let c = 20 - -291. Let y = 436 - c. Suppose -5*o = -l + 23, -3*l - 4*o = -5*o - y. List the prime factors of l.
43
What are the prime factors of (28/3)/((-9)/(-10 + -800))?
2, 3, 5, 7
Let v(o) be the first derivative of o**3/3 + 3*o**2/2 - 6*o - 7. What are the prime factors of v(8)?
2, 41
Let h(q) = -31*q**3 + q**2 + 2*q - 2. Let d be h(1). Let m = d + 43. What are the prime factors of m?
13
Let p(j) = 104*j - 608. List the prime factors of p(26).
2, 131
Let d(a) = -4*a - 33. Let p be d(-17). Suppose 2*k = -2*v + 19 + p, -k = -2*v - 24. List the prime factors of k.
2, 13
What are the prime factors of 123/(-12)*(-19 + (-15)/(-5))?
2, 41
Suppose a + 4*c - 3138 = 0, -a + 4*c = -3*a + 6280. What are the prime factors of a?
2, 1571
Let m be 8/(-16)*(1 + -1237). Let r = -431 + m. List the prime factors of r.
11, 17
Let u(m) = -m**2 - 8*m + 1. Let x = 8 - 4. Let n be (x - (-9)/3)/(-1). What are the prime factors of u(n)?
2
Suppose -2091 = k + 3*k + m, 2*k + 2*m = -1044. Let i = 753 + k. What are the prime factors of i?
2, 5, 23
Let u = 32 + -30. Suppose -4*z + 84 = -u*z. List the prime factors of z.
2, 3, 7
Suppose 0 = 3*b - n - 3, -4*b + 20 = 4*n. Suppose -7*u + 2*u + 249 = -4*z, z + 63 = b*u. Let w = z - -126. List the prime factors of w.
5, 13
Let d be (390/(-105) - (-4)/(-14))/(-2). Let y(s) = 29*s. List the prime factors of y(d).
2, 29
Let j(n) = 3*n - 13. Let q be j(5). Let g(i) = 7*i**2 - q*i - 3*i**2 + 5*i**2. List the prime factors of g(2).
2
Suppose 4*s + 3*h - 45 = 0, -2*h + 34 = -s + 4*s. List the prime factors of (s/1)/(-4) - -20.
17
Suppose o - 8*a = -4*a + 363, -o - 2*a + 387 = 0. What are the prime factors of o?
379
Suppose 5*d + 1189 = 4*y - 1249, y - 597 = -5*d. What are the prime factors of y?
607
Suppose -5 = -r, -810 = -4*k + 38*r - 40*r. List the prime factors of k.
2, 5
List the prime factors of 842 + 1 + 0/6.
3, 281
Let d be 10 + (-10 + 4)/((-6)/(-4)). List the prime factors of d/(-14) - (-1524)/28.
2, 3
Suppose 6*s - s - 4489 = f, 2*f - 889 = -s. What are the prime factors of s?
3, 13, 23
Let q = 2077 + -483. List the prime factors of q.
2, 797
Let h(y) = -y**3 - 21*y**2 - 18*y + 5. Let x be h(-15). What are the prime factors of (-1 - x/10)*2/3?
71
Suppose 0 = -o - 14 - 10. Let v be ((-9)/(-6) + -1)*o. List the prime factors of 70/6 + (-4)/v.
2, 3
Suppose 0 = 5*m - 3*l - 22, -5*m - 4*l - 3 - 3 = 0. Suppose m*q + 3*x - 5*x - 70 = 0, 3*x + 12 = 0. What are the prime factors of q?
31
Let m = 235 + -60. Suppose -4*r - 12 = 0, 3*r = z + z - m. List the prime factors of z.
83
Let h = -162 + 236. List the prime factors of h.
2, 37
Let g(w) = -2*w**2 - 55*w + 30. Let q be g(-28). Suppose -2*v - 3*v = -10. Suppose -5*t - q*b = -231, -v*b - b - 6 = 0. List the prime factors of t.
47
Suppose 11 = 4*l + 5*m, -21 = -8*l + 3*l + m. Let p(w) = 4*w**3 - w**2 - 11*w + 8. List the prime factors of p(l).
2, 3, 17
Let g be 472/16 - 2/(-4). List the prime factors of (-10)/g - (-49)/3.
2
Let i = -1868 + 1842. Let u = -88 - -29. Let x = i - u. What are the prime factors of x?
3, 11
Suppose 0 = -3*v + 5*n + 34, -4*v + 3*n + 2*n = -37. Let h be (-2)/v - (-238)/51. List the prime factors of 62/8 - (-1)/h.
2
Let d(m) = -m**2 + 5*m + 8. Let s = 9 - 4. Let r be d(s). Let p = 42 - r. What are the prime factors of p?
2, 17
Let n be (1 - 3) + -6 + -4. Let a = n - -43. What are the prime factors of a?
31
Let i(f) = 25*f**2 - 15*f - 74. Let m(q) = 38*q**2 - 23*q - 111. Let o(g) = 8*i(g) - 5*m(g). List the prime factors of o(-5).
2, 7, 17
Suppose -3*c - r + 16771 - 1276 = 0, 3*r - 10337 = -2*c. List the prime factors of c.
2, 1291
Let b(l) = -l - 1. Let d(i) = 19*i - 2. Let a(y) = -2*b(y) - 2*d(y). List the prime factors of a(-4).
2, 3, 5
Suppose 410 + 1186 = 7*i. What are the prime factors of i?
2, 3, 19
Suppose -7*u - n = -5*u - 81, n = -4*u + 159. List the prime factors of u.
3, 13
Suppose a - 4 = 3*a. Let j be -5*a/(1